hen z(u) is divided by 9?
6
Suppose 45*x = 5*q + 41*x - 429, -6*q + 507 = 3*x. What is the remainder when 4844 is divided by q?
84
Suppose 0 = -u + 58*u - 12312. Suppose h + 8 - 28 = 0. What is the remainder when u is divided by h?
16
Let y be (110943/36)/21 + 1/4. Let h = 165 - y. What is the remainder when 177 is divided by h?
15
Suppose -21*v = -140 - 469. Calculate the remainder when ((-14)/2)/(v/(-58)) is divided by 9.
5
Let t(x) = -7*x**2 + 4*x + 5. Let c be t(4). Let o(v) = -43*v - 401. Let u be o(-12). Let i = c + u. Calculate the remainder when i is divided by 13.
11
Let x = 1863 + -1287. Let s = x + -568. Calculate the remainder when 21 is divided by s.
5
Let i be -29 + (-2 - 13)/(-3). Let c = i + 130. Suppose -16*k - c = -346. What is the remainder when 28 is divided by k?
13
Let l = 6700 - 6684. Calculate the remainder when 2703 is divided by l.
15
Let u be 2/(-8) + (-1 - 3450/(-8)). Suppose 4*p - 882 = -g, -3*g = -2*p + 2*g + u. Calculate the remainder when p is divided by 14.
10
Calculate the remainder when (-16)/84*-1173 - ((-85)/(-35) + -2) is divided by 37.
1
Suppose -60*r - 110 = -1430. What is the remainder when 4684 is divided by r?
20
Suppose -163 + 523 = 24*k. Suppose -k*q = -30*q + 105. What is the remainder when 76 is divided by q?
6
Let f(c) = -5 - c + 22 + 8. Let r be f(0). Suppose -r - 113 = -3*u. What is the remainder when 181 is divided by u?
43
Let y(r) = -123*r + 2777. Calculate the remainder when y(22) is divided by 102/4 - (-2)/(-4).
21
Let w = -4 + 4. Suppose w = k + 3*k - 128. Suppose -4*p - 2*d = -3*p - 13, -p - 1 = -5*d. What is the remainder when k is divided by p?
5
Let b be (291/(-194))/((-6)/244). Suppose -i + b + 86 = 3*k, -4*i + 147 = 3*k. Calculate the remainder when 95 is divided by k.
46
Suppose 47 - 35 = -3*s. Let y = s - 4. Calculate the remainder when 25 is divided by y/4 - 2 - -14.
5
Let h(x) = -196*x - 955. What is the remainder when 1867 is divided by h(-5)?
17
Suppose 2*m = -b + 207, b - 2*b + 5*m + 172 = 0. Let o = -1557 - -1590. What is the remainder when b is divided by o?
32
Let n(z) = 6*z**2 - 29*z + 90. Calculate the remainder when 610 is divided by n(4).
50
Let h = 44 - 29. Let z(a) = a**2 + 331*a - 4433. Calculate the remainder when z(13) is divided by h.
9
Suppose -9*d + 198 + 1289 + 790 = 0. Calculate the remainder when d is divided by 17.
15
Let f(w) = -7*w - 7. Let c be f(10). Let b = c + 136. What is the remainder when 352 is divided by b?
57
Suppose -273194*s - 147 = -273197*s. What is the remainder when 1400 is divided by s?
28
Let z = -10 - -24. Let j(y) = y**2 - 14*y - 17. Let m be j(9). Let p = m + 101. What is the remainder when p is divided by z?
11
Let t be 6/14 - (-342)/(-63). Let o(s) = -s**2 - 11*s - 12. Let f be o(t). Calculate the remainder when (f/(-21) + 0)*-28 is divided by 7.
3
Suppose 7*f + 30 = 9*f. Let p = 66 - 66. Calculate the remainder when f is divided by p - -3 - 96/(-16).
6
Let b = 340 + -539. Let l = 221 + b. Calculate the remainder when l is divided by 5.
2
Let c = -63 - -83. Suppose -4*x = j - 3*j - 16, -c = -5*x. Suppose j = 8*p + 3 - 115. What is the remainder when p is divided by 13?
1
Let c = -169 + 314. Let l(s) = s**3 - 19*s**2 + 34*s - 571. Calculate the remainder when c is divided by l(19).
70
Let n = 20038 - 13930. Calculate the remainder when n is divided by 291.
288
Suppose 5 = -4*j + 61. Let p be 1096/8 + 0/2. Suppose 7*z = 38 + p. What is the remainder when z is divided by j?
11
Let c(f) = -f**3 - 36*f**2 - 23*f + 526. Calculate the remainder when 5405 is divided by c(-35).
105
Let b be 36198/(-135) + (3 - 215/75). Calculate the remainder when b/(-18) + -3 + 9/81 is divided by 9.
3
Let r = -1156 - -1184. Suppose 81 = -3*f + 834. Calculate the remainder when f is divided by r.
27
Calculate the remainder when 1292 is divided by ((-27)/(-9) + -137)*-1.
86
Let q(f) = f**3 + 5*f**2 + 3*f. Let h = -205 - -60. Calculate the remainder when ((-20)/(-8))/(h/50 - -3) is divided by q(-3).
7
Suppose -7050 = -151*g - 104. Suppose -2*f + 0*f + 60 = 2*a, 0 = 4*a - 3*f - 92. Calculate the remainder when g is divided by a.
20
Let h(i) = 15*i**2 - 2624*i + 7 - 12*i**2 + i**3 + 2622*i + 10*i**2. What is the remainder when h(-6) is divided by 91?
89
Suppose -5*j = -x - 157, -29 = -5*j + 4*j - x. Let c(v) = 72*v + 1851. What is the remainder when c(-25) is divided by j?
20
Let q(s) = 32*s + 38. Let t(m) = -18*m - 18. Let l(w) = -6*q(w) - 11*t(w). What is the remainder when 177 is divided by l(12)?
9
Let i = 16 - -2. Suppose v - i = 19. Let z(d) = 2*d**3 + 57*d**2 + 20*d - 79. Calculate the remainder when z(-28) is divided by v.
34
Let k be 760/12 - 9/27. Suppose -309*b - k = -312*b. Calculate the remainder when 291 is divided by b.
18
Suppose -187 = -4*w - v, 3*w - 3*v - 238 = -2*w. Suppose w = y + 3. What is the remainder when y is divided by 8?
4
Suppose -21*l = -15*l - 354. Suppose c + 32 = -l. Let g = -38 - c. What is the remainder when g is divided by 30?
23
Let z(y) = -y**3 - 8*y + 11 - 2*y**2 + 3*y + 11*y. Let w be z(-3). Suppose 5*p = w*f + 135, -8 - 74 = -3*p + f. What is the remainder when p is divided by 10?
9
Let m = 17407 - 16773. Calculate the remainder when m is divided by 8.
2
Let o = 250 + -239. Suppose 0 = -4*q + 181 + o. Calculate the remainder when 187 is divided by q.
43
Suppose -1438 = -76*j - 298. Suppose 261 = 4*l - 3*t, -4*l - 286 = -8*l - 2*t. What is the remainder when l is divided by j?
9
Let g be (4/(-8))/((-3)/15)*-80. Let a be g/4 + -2 + -1. Let k = -34 - a. Calculate the remainder when 37 is divided by k.
18
Let k(p) = p**3 - 5*p**2 + 8*p - 1. Let f be k(4). Suppose 3 = -4*l - 1, i = 2*l + f. Suppose -47 = -i*j + 135. What is the remainder when 32 is divided by j?
4
Let w(c) = 2*c**2 - 6*c + 7. Let u = -1315 + 1195. Calculate the remainder when w(-5) is divided by 1424/u - -12 - (-296)/30.
7
Suppose -4*g + 153 = -7*g. Suppose -4*s = -3*j - 85, -5 = 3*s - 2*j - 68. What is the remainder when (-68)/g*(-1 - 22)*-3 is divided by s?
16
Suppose v = -3*t + 283, -1229*t + 5 = -1228*t. Calculate the remainder when v is divided by 162.
106
Suppose 19900 = 481*r - 416*r - 35610. Calculate the remainder when r is divided by 27.
17
What is the remainder when (2/12 - 15/(-18))/((-250)/(-882750)) is divided by 38?
35
What is the remainder when 14178/21 - 564/(-658) is divided by 99?
82
Let r(n) = n**2 - 11*n - 12. Calculate the remainder when 1089 is divided by r(13).
11
Suppose g + 3*a - 64 = 0, 3*a = 11*g - 7*g - 166. Calculate the remainder when 62 is divided by g.
16
Let j(z) = 2*z**2 + 21*z - 11. Let w be j(-11). Let q = w - 8. Let r(y) = -2*y + 16. What is the remainder when 124 is divided by r(q)?
28
Let k = 6766 - 6638. What is the remainder when 1269 is divided by k?
117
Let p = -59 - -1739. Suppose 0 = 39*s - 4*s - p. Let c = -51 + 77. Calculate the remainder when s is divided by c.
22
Let l(p) be the second derivative of -p**4/6 + 19*p**3/6 + 41*p**2/2 - 40*p. Calculate the remainder when 106 is divided by l(10).
13
Suppose 0 = 3*f - 5*v - 0*v - 37, v + 41 = 3*f. Suppose 97*r - 96*r = 65. What is the remainder when r is divided by f?
9
Suppose 0 = -25*z + 26*z - 2194. Suppose w + 2*q + z = 5*w, -q + 2753 = 5*w. Calculate the remainder when ((-1)/(-2))/(1105/w + -2) is divided by 16.
7
Let n = 11 - -996. What is the remainder when n is divided by 199?
12
Let y = 6 - -1. Let c = 218 - 214. Suppose -a = c*i - 32 - 1, 3*a - i - 73 = 0. Calculate the remainder when a is divided by y.
4
Let h(r) = 8*r - 11*r + 0 - 15. Suppose 5*n + 19*z - 40 = 16*z, z - 25 = -4*n. Calculate the remainder when h(-13) is divided by n.
4
Let c(y) = 20*y**2 + 11 + 44*y - 23*y - 2*y**3 + 0*y**3 + 3*y**3 - 5*y**2. What is the remainder when c(-9) is divided by 104?
100
Let z be ((-76)/342)/(2/(-18)). Suppose -47 - 34 = -z*m + p, -3*m + 2*p = -120. Calculate the remainder when 77 is divided by m.
35
Let w be 189/(-54) + 2*2/(-8). Calculate the remainder when 25 is divided by ((-3)/w)/(34/544).
1
Let n = 1305 - 1271. What is the remainder when 97 is divided by n?
29
Suppose -5*t + 13 = -15*d + 19*d, -71 = -3*d + 5*t. Let w(j) = j**3 - 5*j**2 - 9*j. Calculate the remainder when w(7) is divided by d.
11
Let a(b) = -44*b + 14*b**2 + 65*b - 39*b - 35 + b**3. Wh